{"id":647,"date":"2017-07-04T23:11:41","date_gmt":"2017-07-04T21:11:41","guid":{"rendered":"https:\/\/cegled.mariaradio.hu\/?page_id=647"},"modified":"2017-09-19T17:52:39","modified_gmt":"2017-09-19T15:52:39","slug":"rovid-imadsagok","status":"publish","type":"page","link":"https:\/\/cegled.mariaradio.hu\/?page_id=647","title":{"rendered":"R\u00f6vid im\u00e1ds\u00e1gok"},"content":{"rendered":"<p><a href=\"https:\/\/cegled.mariaradio.hu\/?page_id=628\">Vissza az Im\u00e1ds\u00e1gokhoz<\/a><\/p>\n<p style=\"text-align: center;\">Uram!<br \/>\nK\u00f6sz\u00f6n\u00f6m, hogy Te m\u00e1r akkor is<br \/>\nkerest\u00e9l, amikor \u00e9n m\u00e9g nem, s hogy&nbsp;<br \/>\nkegyelmedb\u0151l R\u00e1d tal\u00e1lhattam!<br \/>\n<em>\u00c1men<\/em><\/p>\n<p style=\"text-align: center;\">&nbsp;<\/p>\n<p style=\"text-align: center;\">Uram!&nbsp;<br \/>\nAdd, hogy ne felejtsem el, hogy egyed\u00fcl a&nbsp;<br \/>\nTe akaratodb\u00f3l l\u00e9tezem, s<br \/>\n\u00c1ltalad vagyok, ami vagyok, s v\u00e1lhatok olyann\u00e1,&nbsp;<br \/>\namilyenn\u00e9 akarod!<br \/>\n<em>\u00c1men<\/em><\/p>\n<p style=\"text-align: center;\">&nbsp;<\/p>\n<p style=\"text-align: center;\">Uram!&nbsp;<br \/>\nOly sok mindent tartok fontosnak, s<br \/>\nolykor megt\u00f6rt\u00e9nik, m\u00e9gis, hogy<br \/>\nelmegyek a fontos dolgok mellett.<br \/>\nAdd, hogy \u00e9szrevegyem ezen a mai<br \/>\nnapon is, mi a Te akaratod \u00e9s<br \/>\naszerint \u00e9ljek!&nbsp;<br \/>\n<em>\u00c1men<\/em><\/p>\n<p style=\"text-align: center;\">&nbsp;<\/p>\n<p style=\"text-align: center;\">Uram!<br \/>\nAdd, hogy az egyed\u00fcll\u00e9t ne r\u00e9m\u00edtsen, a<br \/>\nf\u00e1radts\u00e1g ne keser\u00edtsen el, s \u00e9letem \u00f6sv\u00e9ny\u00e9n<br \/>\na tal\u00e1lkoz\u00e1sok mindig \u00e9p\u00edtsenek engem is \u00e9s<br \/>\nazokat is, akikkel gondvisel\u0151 akaratodb\u00f3l tal\u00e1lkozhatom!&nbsp;<br \/>\n<em>\u00c1men<\/em><\/p>\n<p style=\"text-align: center;\">&nbsp;<\/p>\n<p style=\"text-align: center;\">Uram!<br \/>\nTan\u00edts t\u00fcrelemre \u00e9s j\u00f3s\u00e1gra, hogy<br \/>\nBenned \u00e9lve, kegyelmed \u00e1ltal, rajtam is<br \/>\nmeg-megcsillanhasson evang\u00e9liumod j\u00f3<br \/>\nh\u00edr\u00e9nek f\u00e9nye!<br \/>\n<em>\u00c1men<\/em><\/p>\n<p style=\"text-align: center;\">&nbsp;<\/p>\n<p style=\"text-align: center;\">Uram!<br \/>\nMeger\u0151s\u00edt\u0151 \u00e9rz\u00e9seket adj nekem ezen<br \/>\na mai napon is! Add, hogy<br \/>\n\u00e9szrevegyem k\u00f6r\u00fclm\u00e9nyeimben, a<br \/>\nmai nap t\u00f6rt\u00e9n\u00e9seiben is, hogy<br \/>\nszereteteddel most is \u00e1t\u00f6lelsz, s lelkem<br \/>\n\u00fcdv\u00f6ss\u00e9g\u00e9t titokzatosan munk\u00e1lod!<br \/>\n<em>\u00c1men<\/em><\/p>\n<p style=\"text-align: center;\">&nbsp;<\/p>\n<p style=\"text-align: center;\">Uram!<br \/>\nAdd, hogy fut\u00e1somat akaratod<br \/>\nszerint bev\u00e9gezhessem,<br \/>\ns hitemet kegyelmedb\u0151l megtarthassam!<br \/>\n<em>\u00c1men<\/em><\/p>\n<p style=\"text-align: center;\">&nbsp;<\/p>\n<p style=\"text-align: center;\">Uram!<br \/>\nAdj a sz\u00edvekbe der\u0171t! Vigasztald a b\u00e1nk\u00f3d\u00f3t,<br \/>\nadj meger\u0151s\u00edt\u0151 rem\u00e9nys\u00e9get az elesettnek!<br \/>\nAdd, hogy mindenki megtal\u00e1lja Benned<br \/>\nkiteljesed\u00e9s\u00e9t, s boldogan \u00e1ldjunk T\u00e9ged<br \/>\ngondvisel\u0151 j\u00f3s\u00e1god\u00e9rt!<br \/>\n<em>\u00c1men<\/em><\/p>\n<p style=\"text-align: center;\">&nbsp;<\/p>\n<p style=\"text-align: center;\"><em>Nem kereszt\u00fat-e minden ember \u00e9lete? Nincs-e minden<\/em><br \/>\n<em>\u00e9let tele szenved\u00e9ssel, botl\u00e1ssal, f\u00e1jdalommal,<\/em><br \/>\n<em>elutas\u00edt\u00e1ssal, \u00edt\u00e9lettel, hal\u00e1llal, temet\u00e9ssel\u2026 \u00e9s<\/em><br \/>\n<em>felt\u00e1mad\u00e1ssal? M\u00e1ria, J\u00e9zus \u00e9desanyja j\u00e1rta az els\u0151<\/em><br \/>\n<em>keresztutat. Ez a kereszt\u00fat M\u00e1ria kereszt\u00fatja, az \u0150<\/em><br \/>\n<em>szem\u00e9n kereszt\u00fcl l\u00e1tjuk J\u00e9zust, ahogy k\u00f6zeledik a<\/em><br \/>\n<em>K\u00e1lv\u00e1ria fel\u00e9, s szenved\u00e9s\u00e9ben, lelki utaz\u00e1sunk sor\u00e1n<\/em><br \/>\n<em>\u00e9rts\u00fck meg, mit tett \u00e9rt\u00fcnk Krisztus, \u00e9s n\u00f6vekedj\u00e9k<\/em><br \/>\n<em>szeretet\u00fcnk ir\u00e1nta \u00e9s felebar\u00e1taink ir\u00e1nt.<\/em><\/p>\n","protected":false},"excerpt":{"rendered":"<p>Vissza az Im\u00e1ds\u00e1gokhoz Uram! K\u00f6sz\u00f6n\u00f6m, hogy Te m\u00e1r akkor is kerest\u00e9l, amikor \u00e9n m\u00e9g nem, s hogy&nbsp; kegyelmedb\u0151l R\u00e1d tal\u00e1lhattam! \u00c1men &nbsp; Uram!&nbsp; Add, hogy ne felejtsem el, hogy egyed\u00fcl a&nbsp; Te akaratodb\u00f3l l\u00e9tezem, s \u00c1ltalad vagyok, ami vagyok, s v\u00e1lhatok olyann\u00e1,&nbsp; amilyenn\u00e9 akarod! \u00c1men &nbsp; Uram!&nbsp; Oly sok mindent &hellip;<\/p>\n","protected":false},"author":1,"featured_media":0,"parent":628,"menu_order":0,"comment_status":"closed","ping_status":"closed","template":"","meta":{"_monsterinsights_skip_tracking":false,"_monsterinsights_sitenote_active":false,"_monsterinsights_sitenote_note":"","_monsterinsights_sitenote_category":0,"ngg_post_thumbnail":0,"footnotes":""},"_links":{"self":[{"href":"https:\/\/cegled.mariaradio.hu\/index.php?rest_route=\/wp\/v2\/pages\/647"}],"collection":[{"href":"https:\/\/cegled.mariaradio.hu\/index.php?rest_route=\/wp\/v2\/pages"}],"about":[{"href":"https:\/\/cegled.mariaradio.hu\/index.php?rest_route=\/wp\/v2\/types\/page"}],"author":[{"embeddable":true,"href":"https:\/\/cegled.mariaradio.hu\/index.php?rest_route=\/wp\/v2\/users\/1"}],"replies":[{"embeddable":true,"href":"https:\/\/cegled.mariaradio.hu\/index.php?rest_route=%2Fwp%2Fv2%2Fcomments&post=647"}],"version-history":[{"count":5,"href":"https:\/\/cegled.mariaradio.hu\/index.php?rest_route=\/wp\/v2\/pages\/647\/revisions"}],"predecessor-version":[{"id":1023,"href":"https:\/\/cegled.mariaradio.hu\/index.php?rest_route=\/wp\/v2\/pages\/647\/revisions\/1023"}],"up":[{"embeddable":true,"href":"https:\/\/cegled.mariaradio.hu\/index.php?rest_route=\/wp\/v2\/pages\/628"}],"wp:attachment":[{"href":"https:\/\/cegled.mariaradio.hu\/index.php?rest_route=%2Fwp%2Fv2%2Fmedia&parent=647"}],"curies":[{"name":"wp","href":"https:\/\/api.w.org\/{rel}","templated":true}]}}