{"id":641,"date":"2017-07-04T23:04:21","date_gmt":"2017-07-04T21:04:21","guid":{"rendered":"https:\/\/cegled.mariaradio.hu\/?page_id=641"},"modified":"2017-07-05T15:52:43","modified_gmt":"2017-07-05T13:52:43","slug":"ima-a-maria-radioert","status":"publish","type":"page","link":"https:\/\/cegled.mariaradio.hu\/?page_id=641","title":{"rendered":"Ima a M\u00e1ria R\u00e1di\u00f3\u00e9rt"},"content":{"rendered":"<p><a href=\"https:\/\/cegled.mariaradio.hu\/?page_id=628\">Vissza az Im\u00e1ds\u00e1gokhoz<\/a><\/p>\n<p style=\"text-align: center;\">M\u00e1ria, vez\u00e9reld \u00e9let\u00fcnk v\u00e1laszt\u00e1sait,<br \/>\ner\u0151s\u00edts meg benn\u00fcnket a pr\u00f3bat\u00e9tel idej\u00e9n,<br \/>\nhogy h\u0171s\u00e9gesek legy\u00fcnk Istenhez \u00e9s az emberekhez,&nbsp;<br \/>\n\u00e9s \u00edgy al\u00e1zatos b\u00e1tors\u00e1ggal j\u00e1rjuk be az \u00e9ter titokzatos \u00f6sv\u00e9nyeit,<br \/>\nhogy eljuttassuk minden ember \u00e9rtelm\u00e9hez \u00e9s sz\u00edv\u00e9hez Krisztusnak,&nbsp;<br \/>\naz emberek Megv\u00e1lt\u00f3j\u00e1nak \u00f6r\u00f6mteli \u00fczenet\u00e9t!<br \/>\nM\u00e1ria, az evangeliz\u00e1ci\u00f3 csillaga l\u00e9gy vel\u00fcnk,<br \/>\nvezesd a M\u00e1ria R\u00e1di\u00f3t \u00e9s l\u00e9gy v\u00e9delmez\u0151je!<br \/>\n<em>\u00c1men<\/em><br \/>\n(Szent II J\u00e1nos P\u00e1l p\u00e1pa)<\/p>\n","protected":false},"excerpt":{"rendered":"<p>Vissza az Im\u00e1ds\u00e1gokhoz M\u00e1ria, vez\u00e9reld \u00e9let\u00fcnk v\u00e1laszt\u00e1sait, er\u0151s\u00edts meg benn\u00fcnket a pr\u00f3bat\u00e9tel idej\u00e9n, hogy h\u0171s\u00e9gesek legy\u00fcnk Istenhez \u00e9s az emberekhez,&nbsp; \u00e9s \u00edgy al\u00e1zatos b\u00e1tors\u00e1ggal j\u00e1rjuk be az \u00e9ter titokzatos \u00f6sv\u00e9nyeit, hogy eljuttassuk minden ember \u00e9rtelm\u00e9hez \u00e9s sz\u00edv\u00e9hez Krisztusnak,&nbsp; az emberek Megv\u00e1lt\u00f3j\u00e1nak \u00f6r\u00f6mteli \u00fczenet\u00e9t! M\u00e1ria, az evangeliz\u00e1ci\u00f3 csillaga l\u00e9gy vel\u00fcnk, vezesd &hellip;<\/p>\n","protected":false},"author":1,"featured_media":0,"parent":628,"menu_order":0,"comment_status":"closed","ping_status":"closed","template":"","meta":{"_monsterinsights_skip_tracking":false,"_monsterinsights_sitenote_active":false,"_monsterinsights_sitenote_note":"","_monsterinsights_sitenote_category":0,"ngg_post_thumbnail":0,"footnotes":""},"_links":{"self":[{"href":"https:\/\/cegled.mariaradio.hu\/index.php?rest_route=\/wp\/v2\/pages\/641"}],"collection":[{"href":"https:\/\/cegled.mariaradio.hu\/index.php?rest_route=\/wp\/v2\/pages"}],"about":[{"href":"https:\/\/cegled.mariaradio.hu\/index.php?rest_route=\/wp\/v2\/types\/page"}],"author":[{"embeddable":true,"href":"https:\/\/cegled.mariaradio.hu\/index.php?rest_route=\/wp\/v2\/users\/1"}],"replies":[{"embeddable":true,"href":"https:\/\/cegled.mariaradio.hu\/index.php?rest_route=%2Fwp%2Fv2%2Fcomments&post=641"}],"version-history":[{"count":4,"href":"https:\/\/cegled.mariaradio.hu\/index.php?rest_route=\/wp\/v2\/pages\/641\/revisions"}],"predecessor-version":[{"id":670,"href":"https:\/\/cegled.mariaradio.hu\/index.php?rest_route=\/wp\/v2\/pages\/641\/revisions\/670"}],"up":[{"embeddable":true,"href":"https:\/\/cegled.mariaradio.hu\/index.php?rest_route=\/wp\/v2\/pages\/628"}],"wp:attachment":[{"href":"https:\/\/cegled.mariaradio.hu\/index.php?rest_route=%2Fwp%2Fv2%2Fmedia&parent=641"}],"curies":[{"name":"wp","href":"https:\/\/api.w.org\/{rel}","templated":true}]}}

Ima a Mária Rádióért

<p><a href="https://cegled.mariaradio.hu/?page_id=628">Vissza az Imádságokhoz</a></p>
<p style="text-align: center;">Mária, vezéreld életünk választásait,<br />
erősíts meg bennünket a próbatétel idején,<br />
hogy hűségesek legyünk Istenhez és az emberekhez,&nbsp;<br />
és így alázatos bátorsággal járjuk be az éter titokzatos ösvényeit,<br />
hogy eljuttassuk minden ember értelméhez és szívéhez Krisztusnak,&nbsp;<br />
az emberek Megváltójának örömteli üzenetét!<br />
Mária, az evangelizáció csillaga légy velünk,<br />
vezesd a Mária Rádiót és légy védelmezője!<br />
<em>Ámen</em><br />
(Szent II János Pál pápa)</p>

<p>Vissza az Imádságokhoz Mária, vezéreld életünk választásait, erősíts meg bennünket a próbatétel idején, hogy hűségesek legyünk Istenhez és az emberekhez,&nbsp; és így alázatos bátorsággal járjuk be az éter titokzatos ösvényeit, hogy eljuttassuk minden ember értelméhez és szívéhez Krisztusnak,&nbsp; az emberek Megváltójának örömteli üzenetét! Mária, az evangelizáció csillaga légy velünk, vezesd &hellip;</p>
